[INFO] fetching crate dora 0.0.2...
[INFO] checking dora-0.0.2 against master#af3c6e733a40e671550e0f0f5aeecaa13772ba56 for pr-74989
[INFO] extracting crate dora 0.0.2 into /workspace/builds/worker-6/source
[INFO] validating manifest of crates.io crate dora 0.0.2 on toolchain af3c6e733a40e671550e0f0f5aeecaa13772ba56
[INFO] running `Command { std: "/workspace/cargo-home/bin/cargo" "+af3c6e733a40e671550e0f0f5aeecaa13772ba56" "read-manifest" "--manifest-path" "Cargo.toml", kill_on_drop: false }`
[INFO] started tweaking crates.io crate dora 0.0.2
[INFO] finished tweaking crates.io crate dora 0.0.2
[INFO] tweaked toml for crates.io crate dora 0.0.2 written to /workspace/builds/worker-6/source/Cargo.toml
[INFO] crate crates.io crate dora 0.0.2 already has a lockfile, it will not be regenerated
[INFO] running `Command { std: "/workspace/cargo-home/bin/cargo" "+af3c6e733a40e671550e0f0f5aeecaa13772ba56" "fetch" "--locked" "--manifest-path" "Cargo.toml", kill_on_drop: false }`
[INFO] running `Command { std: "docker" "create" "-v" "/var/lib/crater-agent-workspace/builds/worker-6/target:/opt/rustwide/target:rw,Z" "-v" "/var/lib/crater-agent-workspace/builds/worker-6/source:/opt/rustwide/workdir:ro,Z" "-v" "/var/lib/crater-agent-workspace/cargo-home:/opt/rustwide/cargo-home:ro,Z" "-v" "/var/lib/crater-agent-workspace/rustup-home:/opt/rustwide/rustup-home:ro,Z" "-e" "SOURCE_DIR=/opt/rustwide/workdir" "-e" "CARGO_TARGET_DIR=/opt/rustwide/target" "-e" "CARGO_HOME=/opt/rustwide/cargo-home" "-e" "RUSTUP_HOME=/opt/rustwide/rustup-home" "-w" "/opt/rustwide/workdir" "-m" "1610612736" "--user" "0:0" "--network" "none" "rustops/crates-build-env@sha256:d92eaeed33fa75130ca1ee6c8a01d1ffb62bac859dfdfb3450e3e5d1c0146529" "/opt/rustwide/cargo-home/bin/cargo" "+af3c6e733a40e671550e0f0f5aeecaa13772ba56" "metadata" "--no-deps" "--format-version=1", kill_on_drop: false }`
[INFO] [stdout] 1a5baf4abe9ae4d0e2447cd37f9afcd1372250bb7bac77885b90d929ae3281cc
[INFO] [stderr] WARNING: Your kernel does not support swap limit capabilities or the cgroup is not mounted. Memory limited without swap.
[INFO] running `Command { std: "docker" "start" "-a" "1a5baf4abe9ae4d0e2447cd37f9afcd1372250bb7bac77885b90d929ae3281cc", kill_on_drop: false }`
[INFO] running `Command { std: "docker" "inspect" "1a5baf4abe9ae4d0e2447cd37f9afcd1372250bb7bac77885b90d929ae3281cc", kill_on_drop: false }`
[INFO] running `Command { std: "docker" "rm" "-f" "1a5baf4abe9ae4d0e2447cd37f9afcd1372250bb7bac77885b90d929ae3281cc", kill_on_drop: false }`
[INFO] [stdout] 1a5baf4abe9ae4d0e2447cd37f9afcd1372250bb7bac77885b90d929ae3281cc
[INFO] running `Command { std: "docker" "create" "-v" "/var/lib/crater-agent-workspace/builds/worker-6/target:/opt/rustwide/target:rw,Z" "-v" "/var/lib/crater-agent-workspace/builds/worker-6/source:/opt/rustwide/workdir:ro,Z" "-v" "/var/lib/crater-agent-workspace/cargo-home:/opt/rustwide/cargo-home:ro,Z" "-v" "/var/lib/crater-agent-workspace/rustup-home:/opt/rustwide/rustup-home:ro,Z" "-e" "SOURCE_DIR=/opt/rustwide/workdir" "-e" "CARGO_TARGET_DIR=/opt/rustwide/target" "-e" "CARGO_INCREMENTAL=0" "-e" "RUST_BACKTRACE=full" "-e" "RUSTFLAGS=--cap-lints=forbid" "-e" "CARGO_HOME=/opt/rustwide/cargo-home" "-e" "RUSTUP_HOME=/opt/rustwide/rustup-home" "-w" "/opt/rustwide/workdir" "-m" "1610612736" "--user" "0:0" "--network" "none" "rustops/crates-build-env@sha256:d92eaeed33fa75130ca1ee6c8a01d1ffb62bac859dfdfb3450e3e5d1c0146529" "/opt/rustwide/cargo-home/bin/cargo" "+af3c6e733a40e671550e0f0f5aeecaa13772ba56" "check" "--frozen" "--all" "--all-targets" "--message-format=json", kill_on_drop: false }`
[INFO] [stderr] WARNING: Your kernel does not support swap limit capabilities or the cgroup is not mounted. Memory limited without swap.
[INFO] [stdout] bd359d513cf0ab0b83629b886536a341ea8029b0428c2a84fcce2c23d2d130a0
[INFO] running `Command { std: "docker" "start" "-a" "bd359d513cf0ab0b83629b886536a341ea8029b0428c2a84fcce2c23d2d130a0", kill_on_drop: false }`
[INFO] [stderr]    Compiling getrandom v0.1.12
[INFO] [stderr]     Checking smallvec v0.6.10
[INFO] [stderr]    Compiling regex v0.2.11
[INFO] [stderr]     Checking ppv-lite86 v0.2.5
[INFO] [stderr]     Checking ucd-util v0.1.5
[INFO] [stderr]     Checking utf8-ranges v1.0.4
[INFO] [stderr]     Checking rustc-serialize v0.3.24
[INFO] [stderr]    Compiling dora v0.0.2 (/opt/rustwide/workdir)
[INFO] [stderr]     Checking strsim v0.6.0
[INFO] [stderr]     Checking lazy_static v0.2.11
[INFO] [stderr]     Checking fixedbitset v0.2.0
[INFO] [stderr]     Checking scoped_threadpool v0.1.9
[INFO] [stderr]     Checking thread_local v0.3.6
[INFO] [stderr]    Compiling capstone-sys v0.10.0
[INFO] [stderr]    Compiling backtrace-sys v0.1.31
[INFO] [stderr]     Checking crossbeam-utils v0.6.6
[INFO] [stderr]     Checking lock_api v0.3.1
[INFO] [stderr]     Checking regex-syntax v0.5.6
[INFO] [stderr]    Compiling memoffset v0.5.1
[INFO] [stderr]    Compiling parking_lot_core v0.6.2
[INFO] [stderr]    Compiling parking_lot v0.9.0
[INFO] [stderr]     Checking rand v0.5.6
[INFO] [stderr]     Checking aho-corasick v0.6.10
[INFO] [stderr]     Checking threadpool v1.7.1
[INFO] [stderr]     Checking regex v1.3.1
[INFO] [stderr]     Checking rand_core v0.5.1
[INFO] [stderr]     Checking crossbeam-epoch v0.7.2
[INFO] [stderr]     Checking c2-chacha v0.2.2
[INFO] [stderr]     Checking crossbeam-deque v0.7.1
[INFO] [stderr]     Checking rand_chacha v0.2.1
[INFO] [stderr]     Checking backtrace v0.3.38
[INFO] [stderr]     Checking rand v0.7.2
[INFO] [stderr]     Checking parking_lot_core v0.3.1
[INFO] [stderr]     Checking parking_lot v0.6.4
[INFO] [stderr]     Checking dora-parser v0.0.2
[INFO] [stderr]     Checking docopt v0.7.0
[INFO] [stderr]     Checking capstone v0.6.0
[INFO] [stdout] error[E0432]: unresolved import `core::alloc::Alloc`
[INFO] [stdout]  --> src/vtable.rs:2:5
[INFO] [stdout]   |
[INFO] [stdout] 2 | use core::alloc::Alloc;
[INFO] [stdout]   |     ^^^^^^^^^^^^^^^^^^ no `Alloc` in `alloc`
[INFO] [stdout] 
[INFO] [stdout] 
[INFO] [stdout] error[E0432]: unresolved import `core::alloc::Alloc`
[INFO] [stdout]  --> src/vtable.rs:2:5
[INFO] [stdout]   |
[INFO] [stdout] 2 | use core::alloc::Alloc;
[INFO] [stdout]   |     ^^^^^^^^^^^^^^^^^^ no `Alloc` in `alloc`
[INFO] [stdout] 
[INFO] [stdout] 
[INFO] [stdout] error: include macro expected single expression in source
[INFO] [stdout]   --> /opt/rustwide/target/debug/build/dora-2df92e69f2e47eed/out/dora_stdlib_bundle.rs:31:2
[INFO] [stdout]    |
[INFO] [stdout] 31 | ];
[INFO] [stdout]    |  ^
[INFO] [stdout]    |
[INFO] [stdout]    = note: `#[deny(incomplete_include)]` on by default
[INFO] [stdout] 
[INFO] [stdout] 
[INFO] [stdout] warning: unnecessary parentheses around type
[INFO] [stdout]   --> src/dseg.rs:56:45
[INFO] [stdout]    |
[INFO] [stdout] 56 |                         *(entry_ptr as *mut (*const u8)) = v;
[INFO] [stdout]    |                                             ^^^^^^^^^^^ help: remove these parentheses
[INFO] [stdout]    |
[INFO] [stdout]    = note: `#[warn(unused_parens)]` on by default
[INFO] [stdout] 
[INFO] [stdout] 
[INFO] [stdout] error: include macro expected single expression in source
[INFO] [stdout]   --> /opt/rustwide/target/debug/build/dora-2df92e69f2e47eed/out/dora_stdlib_bundle.rs:31:2
[INFO] [stdout]    |
[INFO] [stdout] 31 | ];
[INFO] [stdout]    |  ^
[INFO] [stdout]    |
[INFO] [stdout]    = note: `#[deny(incomplete_include)]` on by default
[INFO] [stdout] 
[INFO] [stdout] 
[INFO] [stdout] warning: unnecessary parentheses around type
[INFO] [stdout]   --> src/dseg.rs:56:45
[INFO] [stdout]    |
[INFO] [stdout] 56 |                         *(entry_ptr as *mut (*const u8)) = v;
[INFO] [stdout]    |                                             ^^^^^^^^^^^ help: remove these parentheses
[INFO] [stdout]    |
[INFO] [stdout]    = note: `#[warn(unused_parens)]` on by default
[INFO] [stdout] 
[INFO] [stdout] 
[INFO] [stdout] error[E0599]: no method named `alloc` found for struct `std::alloc::Global` in the current scope
[INFO] [stdout]   --> src/vtable.rs:39:28
[INFO] [stdout]    |
[INFO] [stdout] 39 |             let ptr = heap.alloc(lay).expect("could not allocate").as_ptr() as *mut VTable;
[INFO] [stdout]    |                            ^^^^^ method not found in `std::alloc::Global`
[INFO] [stdout]    |
[INFO] [stdout]    = help: items from traits can only be used if the trait is in scope
[INFO] [stdout]    = note: the following trait is implemented but not in scope; perhaps add a `use` for it:
[INFO] [stdout]            `use std::alloc::AllocRef;`
[INFO] [stdout] 
[INFO] [stdout] 
[INFO] [stdout] error[E0599]: no method named `dealloc` found for struct `std::alloc::Global` in the current scope
[INFO] [stdout]   --> src/vtable.rs:81:18
[INFO] [stdout]    |
[INFO] [stdout] 81 |             heap.dealloc(ptr, lay);
[INFO] [stdout]    |                  ^^^^^^^ method not found in `std::alloc::Global`
[INFO] [stdout]    |
[INFO] [stdout]    = help: items from traits can only be used if the trait is in scope
[INFO] [stdout]    = note: the following trait is implemented but not in scope; perhaps add a `use` for it:
[INFO] [stdout]            `use std::alloc::AllocRef;`
[INFO] [stdout] 
[INFO] [stdout] 
[INFO] [stdout] error[E0599]: no method named `alloc` found for struct `std::alloc::Global` in the current scope
[INFO] [stdout]    --> src/vtable.rs:172:22
[INFO] [stdout]     |
[INFO] [stdout] 172 |                 heap.alloc(lay).expect("could not allocate").as_ptr() as *const _;
[INFO] [stdout]     |                      ^^^^^ method not found in `std::alloc::Global`
[INFO] [stdout]     |
[INFO] [stdout]     = help: items from traits can only be used if the trait is in scope
[INFO] [stdout]     = note: the following trait is implemented but not in scope; perhaps add a `use` for it:
[INFO] [stdout]             `use std::alloc::AllocRef;`
[INFO] [stdout] 
[INFO] [stdout] 
[INFO] [stdout] error[E0599]: no method named `dealloc` found for struct `std::alloc::Global` in the current scope
[INFO] [stdout]    --> src/vtable.rs:187:18
[INFO] [stdout]     |
[INFO] [stdout] 187 |             heap.dealloc(ptr, lay);
[INFO] [stdout]     |                  ^^^^^^^ method not found in `std::alloc::Global`
[INFO] [stdout]     |
[INFO] [stdout]     = help: items from traits can only be used if the trait is in scope
[INFO] [stdout]     = note: the following trait is implemented but not in scope; perhaps add a `use` for it:
[INFO] [stdout]             `use std::alloc::AllocRef;`
[INFO] [stdout] 
[INFO] [stdout] 
[INFO] [stdout] error: aborting due to 6 previous errors; 1 warning emitted
[INFO] [stdout] 
[INFO] [stdout] 
[INFO] [stdout] Some errors have detailed explanations: E0432, E0599.
[INFO] [stdout] 
[INFO] [stdout] For more information about an error, try `rustc --explain E0432`.
[INFO] [stdout] 
[INFO] [stderr] error: could not compile `dora`.
[INFO] [stderr] 
[INFO] [stderr] To learn more, run the command again with --verbose.
[INFO] [stderr] warning: build failed, waiting for other jobs to finish...
[INFO] [stdout] error[E0599]: no method named `alloc` found for struct `std::alloc::Global` in the current scope
[INFO] [stdout]   --> src/vtable.rs:39:28
[INFO] [stdout]    |
[INFO] [stdout] 39 |             let ptr = heap.alloc(lay).expect("could not allocate").as_ptr() as *mut VTable;
[INFO] [stdout]    |                            ^^^^^ method not found in `std::alloc::Global`
[INFO] [stdout]    |
[INFO] [stdout]    = help: items from traits can only be used if the trait is in scope
[INFO] [stdout]    = note: the following trait is implemented but not in scope; perhaps add a `use` for it:
[INFO] [stdout]            `use std::alloc::AllocRef;`
[INFO] [stdout] 
[INFO] [stdout] 
[INFO] [stdout] error[E0599]: no method named `dealloc` found for struct `std::alloc::Global` in the current scope
[INFO] [stdout]   --> src/vtable.rs:81:18
[INFO] [stdout]    |
[INFO] [stdout] 81 |             heap.dealloc(ptr, lay);
[INFO] [stdout]    |                  ^^^^^^^ method not found in `std::alloc::Global`
[INFO] [stdout]    |
[INFO] [stdout]    = help: items from traits can only be used if the trait is in scope
[INFO] [stdout]    = note: the following trait is implemented but not in scope; perhaps add a `use` for it:
[INFO] [stdout]            `use std::alloc::AllocRef;`
[INFO] [stdout] 
[INFO] [stdout] 
[INFO] [stdout] error[E0599]: no method named `alloc` found for struct `std::alloc::Global` in the current scope
[INFO] [stdout]    --> src/vtable.rs:172:22
[INFO] [stdout]     |
[INFO] [stdout] 172 |                 heap.alloc(lay).expect("could not allocate").as_ptr() as *const _;
[INFO] [stdout]     |                      ^^^^^ method not found in `std::alloc::Global`
[INFO] [stdout]     |
[INFO] [stdout]     = help: items from traits can only be used if the trait is in scope
[INFO] [stdout]     = note: the following trait is implemented but not in scope; perhaps add a `use` for it:
[INFO] [stdout]             `use std::alloc::AllocRef;`
[INFO] [stdout] 
[INFO] [stdout] 
[INFO] [stdout] error[E0599]: no method named `dealloc` found for struct `std::alloc::Global` in the current scope
[INFO] [stdout]    --> src/vtable.rs:187:18
[INFO] [stdout]     |
[INFO] [stdout] 187 |             heap.dealloc(ptr, lay);
[INFO] [stdout]     |                  ^^^^^^^ method not found in `std::alloc::Global`
[INFO] [stdout]     |
[INFO] [stdout]     = help: items from traits can only be used if the trait is in scope
[INFO] [stdout]     = note: the following trait is implemented but not in scope; perhaps add a `use` for it:
[INFO] [stdout]             `use std::alloc::AllocRef;`
[INFO] [stdout] 
[INFO] [stdout] 
[INFO] [stdout] error: aborting due to 6 previous errors; 1 warning emitted
[INFO] [stdout] 
[INFO] [stdout] 
[INFO] [stdout] Some errors have detailed explanations: E0432, E0599.
[INFO] [stdout] 
[INFO] [stdout] For more information about an error, try `rustc --explain E0432`.
[INFO] [stdout] 
[INFO] [stderr] error: build failed
[INFO] running `Command { std: "docker" "inspect" "bd359d513cf0ab0b83629b886536a341ea8029b0428c2a84fcce2c23d2d130a0", kill_on_drop: false }`
[INFO] running `Command { std: "docker" "rm" "-f" "bd359d513cf0ab0b83629b886536a341ea8029b0428c2a84fcce2c23d2d130a0", kill_on_drop: false }`
[INFO] [stdout] bd359d513cf0ab0b83629b886536a341ea8029b0428c2a84fcce2c23d2d130a0
